-2 + 96). Suppose 2*i + 270 = g, -5*i + 4*g - 964 = -286. Let z = p - i. What is the remainder when z is divided by 13?
12
Let a = -362 + 431. Calculate the remainder when a is divided by 24.
21
Suppose 6*t = -7 - 17. What is the remainder when 101 is divided by ((72/15)/4)/(t/(-70))?
17
Let w = -133 + 286. Suppose -6*s + 165 = -w. Let k = 6 + 8. Calculate the remainder when s is divided by k.
11
Suppose 0 = -8*t + 6*t + 78. Calculate the remainder when 51 is divided by t.
12
What is the remainder when 107 is divided by (7 - 11) + 4/(24/138)?
12
Let x(u) = u**3 + 7*u**2 - 6. Let b be x(-7). Calculate the remainder when (-74)/4*6/(-3) is divided by (-1 - 1)*57/b.
18
Let g(j) = 10 - j**2 + 7*j + 3*j**2 - 3*j**2. What is the remainder when g(4) is divided by 7?
1
Let y(a) = -4*a + 89. Let k(u) = -20*u - 3. Calculate the remainder when k(-3) is divided by y(15).
28
Let q(k) = -k**3 - 17*k**2 + 76*k - 31. Calculate the remainder when q(-21) is divided by 27.
2
Let w(g) be the first derivative of -2*g**3/3 + 18*g + 2. What is the remainder when w(0) is divided by 5?
3
Let v(q) = q**3 - 8*q**2 - 4*q - 2. Let a be v(7). Let b(h) = 4*h + 43. Calculate the remainder when a/(-4) - 11/(-44) is divided by b(-8).
9
Suppose 35*z = 27*z + 136. Let h = -9 - -13. What is the remainder when z is divided by h?
1
Let w(r) = -3*r**3 - 4*r**2 - r + 4. Let c be w(-2). Suppose 12 = -2*l + c. What is the remainder when l + (-4)/2 - -55 is divided by 14?
12
Let k be 742 - -1 - (-1)/1. Suppose 34*a - 26*a = k. Calculate the remainder when a is divided by 16.
13
Suppose -31*z + 55*z = 11544. Calculate the remainder when z is divided by 54.
49
Suppose -8 = -5*y + y. Suppose y*h = 5*h - 126. Suppose -3*t + 68 = 35. What is the remainder when h is divided by t?
9
Suppose 6*w - 12*w = -390. Calculate the remainder when w is divided by 41.
24
Let k = 17 - 25. Let g = 5 + k. What is the remainder when g + 3/(-3) + 46 is divided by 11?
9
Let n be ((-16)/6)/((-4)/6). Suppose n*l + 6*l = 620. What is the remainder when l is divided by 16?
14
Suppose -3*s - 444 = 3*s. Let g = 137 + s. What is the remainder when g is divided by 13?
11
Suppose -4*l = l + 35. Calculate the remainder when (-3)/((-6)/l)*220/(-77) is divided by (-2)/8 + (-29)/(-4).
3
Suppose 15 = -3*d - 2*d, -2*d + 1 = v. Suppose -f - 19 = 4*s, 3*f - 5*s = 4 + v. What is the remainder when 14 is divided by (-25)/f + 1/(-3)?
6
Let n(o) = -4*o - 13. Let r(q) = -q + 1. Let p(v) = -n(v) + 5*r(v). What is the remainder when 193 is divided by p(4)?
11
Let x(c) = -6*c**2 - 12*c + 1. Let t(i) = 5*i**2 + 11*i - 2. Let m(w) = 4*t(w) + 3*x(w). Calculate the remainder when m(7) is divided by 30.
29
What is the remainder when 120 is divided by (-1*(-20)/30)/(2/81)?
12
Let f = -273 - -314. What is the remainder when f is divided by 16?
9
Suppose 8*k - 4*k = 0. Suppose k = 5*f - 442 - 58. Let b = f - 56. What is the remainder when b is divided by 15?
14
Let l(c) = 49*c - 419. Suppose -46 + 135 = i - s, 0 = 2*i - 4*s - 186. Calculate the remainder when i is divided by l(9).
19
Suppose 0 = -3*r - 5*k + 49, 3*r = -2*k - 0*k + 43. Calculate the remainder when r is divided by 8.
5
Suppose -4*i - 7 = -4*n - 15, -n - 5 = -4*i. Let q(a) = -3*a**2 + a + 1. Let j be q(n). What is the remainder when (4 - (j + 6))*13 is divided by 7?
6
Let x(d) = d**2 - 6*d - 4. Let g be x(7). Suppose 4*c + 32 = -4*j - 52, c = -g*j - 23. What is the remainder when 4 is divided by 6/4 + (-10)/c?
0
Suppose 7*x + 1932 - 4823 = 0. Calculate the remainder when x is divided by 19.
14
Suppose -3*m + 4*r = -8 - 3, 3*m - 3*r = 15. Calculate the remainder when 17/1 - ((-18)/3 - -3) is divided by m.
2
Suppose 2*y = y. Suppose -4*v - 8 + 88 = y. Let m(k) = 7*k**2 + 5*k + 6. What is the remainder when m(-4) is divided by v?
18
Suppose 4*k + 70 = 2*o, 5*k = 2*o - 28 - 41. Suppose 2*t = 53 + o. Let d(p) = p**3 + 8*p**2 - 12*p - 3. What is the remainder when t is divided by d(-9)?
21
Let m(v) = v**2 - 6*v - 9. Let r be m(7). Calculate the remainder when ((-38)/(-5))/(r/(-5)) is divided by 10.
9
Suppose 5*i + 287 = -4*v, -88 = v - 0*v - 2*i. Calculate the remainder when 54 is divided by v/(-4) + (-4)/8.
16
Suppose 87*w - 76*w = 20438. Calculate the remainder when w is divided by 30.
28
Let o(j) = -j**2 + 3*j + 8. Let y be o(4). Calculate the remainder when 9/3 - -3*y is divided by 6.
3
Suppose -4*m + 545 = 5*v, m - 29 = v - 138. What is the remainder when 226 is divided by v?
8
Let n(m) = 19*m - 4*m**3 + 5*m**2 - 4*m**2 - 21*m - 3. What is the remainder when n(-2) is divided by (-2)/1 + 72/6?
7
Let g be 2/(12/19) + (-2)/12. Suppose 3*p + 17 = i, -2*i + 43 = g*p - 9. Calculate the remainder when 91 is divided by i.
22
Suppose -474 + 1924 = 29*o. Suppose -4*f = 4*x - 76, 3*x - 26 - 35 = -5*f. Calculate the remainder when o is divided by x.
16
Suppose -66 = -2*v - v. Suppose 15*n = 17*n. Suppose n = -u + 5*b + 54, 3*u + 6*b = 2*b + 200. Calculate the remainder when u is divided by v.
20
Suppose 5*u + b = u + 4308, -4 = b. What is the remainder when u is divided by 45?
43
Let r(l) = l**3 - 10*l**2 + 2*l - 9. What is the remainder when 60 is divided by r(10)?
5
Let l(u) = 26*u + 2. Let s(x) = x - 4. Let v be s(10). Let o be 30/18 - 4/v. Calculate the remainder when 109 is divided by l(o).
25
Suppose q + 127 = 5*q - u, 2*q + 2*u = 56. Calculate the remainder when q is divided by 5.
1
Calculate the remainder when 244 is divided by 932/(-22)*(-396)/72.
11
Let k(c) be the first derivative of -c**4/4 + 4*c**3 - 6*c**2 + 9*c + 4. What is the remainder when k(6) is divided by 39?
36
Suppose 0 = 135*p - 132*p - 39. What is the remainder when 372 is divided by p?
8
Suppose -5*g + 5*b = -15 + 5, 5*b = 0. Suppose 8*l - 26 = -2. Calculate the remainder when 56 is divided by (19/g)/(l/6).
18
Let i(j) = -j**3 + 19*j**2 - 18*j - 9. Let m be i(18). What is the remainder when 29 is divided by -4 - 0 - (-10 + m)?
14
Suppose 4*w - 48 = -y + 3*w, -3*w = 0. Suppose -2*k - 17 = -n - 3*k, 0 = -3*n + k + 63. Calculate the remainder when y is divided by n.
8
Let n be ((-59)/(-2) + 1)*2. Suppose -d + 2*d - 39 = -5*f, 0 = -3*d - f + n. What is the remainder when 75 is divided by d?
18
Let x be ((-27)/(-18))/(82/88 - 1). Let p(r) = -5*r - 44. Calculate the remainder when p(x) is divided by 17.
15
Suppose 92 + 382 = 6*t. Calculate the remainder when t is divided by 22.
13
Let i(o) = -o**2 + 17*o + 30. Suppose 12 = 3*v + v. Suppose 0 = v*f - k - 100, 115 = f + 2*f + 2*k. Calculate the remainder when f is divided by i(18).
11
Let i = 29 - 33. Calculate the remainder when (-4)/(-1 + (-2)/i) is divided by 5.
3
Let h be (-24)/30 + 302/(-10). Let j = 51 + h. What is the remainder when 78 is divided by j?
18
What is the remainder when 337 is divided by (-901)/(-11) + (-5 - 168/(-33))?
9
Let z = -72 - -81. Calculate the remainder when 42 is divided by z.
6
Let g(z) = -11*z + 2*z**2 - 33*z + 10*z + 14. Calculate the remainder when 110 is divided by g(17).
12
Let g = 27 - 17. Let s(m) = m**2 - 7*m + 15. Let t be s(g). Calculate the remainder when ((-5)/3)/((-3)/t) is divided by 7.
4
Suppose -6*f + 2332 = 1792. What is the remainder when f is divided by 62?
28
Let g = 39 - 88. Let m = g - -83. What is the remainder when m is divided by 165/18 + 2/(-12)?
7
Let h(u) = 2*u**2 - 3*u. Let q be h(3). Let i = 13 + q. Suppose 3*b + i = 5*b. Calculate the remainder when 21 is divided by b.
10
Suppose 0 = -r - 4*r. Let l(y) = -y**3 + y**2 - y + 29. Suppose 14 = -4*m + 54. What is the remainder when l(r) is divided by m?
9
Suppose -3*x + 32*b - 30*b = -212, -3*b = 4*x - 311. Calculate the remainder when x is divided by 38.
36
Let v(h) = 3*h**3 + 10*h**2 - 16*h - 5. Calculate the remainder when v(-4) is divided by 17.
10
Suppose -4*c - 3*j = -589, 0*j - 577 = -4*c + j. Let p = c + -94. Calculate the remainder when p is divided by 15.
6
Suppose 108 = 3*a - 3*r, -7*r - 75 = -2*a - 2*r. Calculate the remainder when a is divided by 16.
3
Let c = -127 + 134. Suppose -c*u = -9*u + 124. What is the remainder when u is divided by 9?
8
What is the remainder when 0 + 0 + 0 + 74 is divided by (-3 - (-76)/12)/(2/9)?
14
Suppose 0 = -7*r + 11*r + 128. Calculate the remainder when 101 is divided by (24 - 21) + (0 - r).
31
Suppose 2*u = 2*h + 24, 